1*c**2 + 15*c**2 - 8 + 7*c. Give v(6).
-2
Let o(v) = -13*v**2 + 14*v + 2. Let s(m) = 28*m**2 - 29*m - 5. Let b(p) = -13*o(p) - 6*s(p). Calculate b(7).
-3
Let w(l) be the second derivative of -1/6*l**4 - 5/6*l**3 + 0 + 2*l + 0*l**2. Calculate w(-4).
-12
Let g(m) = m**3 + 5*m**2 - 7*m + 4. Suppose 3*o = -7*o + 6*o. Suppose 6*y + o*y = -36. Calculate g(y).
10
Let p = -230 + 231. Let l(c) be the first derivative of 1/4*c**4 - p - 5/3*c**3 - 3*c + 0*c**2. What is l(5)?
-3
Let s(g) be the first derivative of -g**5/30 - g**4/4 - 5*g**3/6 + 9*g**2/2 - 14. Let w(n) be the second derivative of s(n). Calculate w(-4).
-13
Let t(q) be the third derivative of -23*q**2 + 1/24*q**4 + 5/6*q**3 + 0*q + 0. What is t(6)?
11
Let n(z) = z**3 - 3*z**2 - 7*z + 4. Suppose 72*u - 66*u - 30 = 0. What is n(u)?
19
Let n(g) be the third derivative of -g**5/30 - g**4/12 + g**3/3 - 190*g**2. Calculate n(-3).
-10
Let a(g) = g**3 - 2*g**2 - 7*g - 6. Suppose -55*b - 68 = -72*b. Determine a(b).
-2
Suppose -5 + 9 = 2*y + 4*s, 0 = -5*y - s + 1. Let j(d) = -d**2 - d + 2. Give j(y).
2
Suppose -43 = -4*c - 3*f, -2*f = 2*c - c - 12. Suppose 2*g + c = -h - h, -3*g - 12 = 2*h. Let k(p) = 3*p - 1. Determine k(g).
-7
Let d(f) = f**2 + 1. Let x(l) = -l**2 - l + 1. Let r be x(1). Let a(p) = -10*p**3 + p**2 + 2*p + 1. Let m be a(r). Let t be ((-3)/15)/(2/m). Determine d(t).
2
Suppose 23 + 103 = 63*y. Let q(r) = -4*r**3 + 2*r**2 + 4*r - 4. What is q(y)?
-20
Suppose 88*i + 748 = 44. Let t(r) = -r**2 - 7*r - 5. What is t(i)?
-13
Let j(n) = -6*n - 104 - 112 + 209 + n**2. Calculate j(6).
-7
Let c(q) = 5*q**3 + 11*q**2 + 8*q - 5. Let n(g) = 4*g**3 + 10*g**2 + 7*g - 5. Let j(t) = 3*c(t) - 4*n(t). Let r be 6*(1 + -2)*1. What is j(r)?
-7
Let f(g) = -1 - 568*g**2 + 1 - 9*g**3 + 567*g**2 + 1. What is f(-1)?
9
Let s(w) = 7*w + 7. Let h(m) = -2*m. Let b(l) = 3*h(l) + s(l). What is b(0)?
7
Let l(r) be the first derivative of r**2/2 + 5. Let a(c) = c**2 + 8*c - 2. Let j(o) = a(o) - 2*l(o). Determine j(-7).
5
Let t(j) be the third derivative of j**5/60 + j**4/8 + j**3 + j**2. Let m be t(-4). Let y = m + -6. Let z(g) = -g**3 + 6*g**2 - 5*g + 2. Give z(y).
14
Let w = 2152 + -2152. Let v(u) = -5*u**3 + 5*u**2 + u + 8. Let b(i) = -i**3 + i**2. Let q(a) = -4*b(a) + v(a). Calculate q(w).
8
Let m = -2 + 7. Let a be (m - (1 + 3)) + 0. Let n(h) = h + 1. What is n(a)?
2
Let o(a) = -a - 11. Let v(i) = i**2 + 15*i - 16. Let t be (-10)/(-1)*(16/10)/(-1). Let b be v(t). Determine o(b).
-11
Let w(i) = -3*i - 3. Suppose 19*y - 41*y = 110. Determine w(y).
12
Let s be 4/(-1) - (1 - 9). Suppose 5*c = -2*o - 43, -o + 7 = -4*o + s*c. Let l(m) = -m - 7. Give l(o).
2
Let j(r) = -2*r + r**3 + 0 + 0 + r**2 + 1. Let u = 2069 + -2068. Calculate j(u).
1
Let j = -33 + 36. Let o(n) be the first derivative of n**4/8 + n**2/2 + 3. Let g(f) be the second derivative of o(f). Determine g(j).
9
Suppose -4*c = 153 - 41. Let h = c + 31. Let r(s) = 12*s + 4*s**3 - 7 - 3*s + 6*s**2 - 5*s**h. What is r(7)?
7
Let u(m) = -2*m**3 - 5*m**2 - 5*m - 1. Let r(p) = -p**3 - 4*p**2 - 4*p. Let c(i) = 3*r(i) - 2*u(i). Give c(3).
5
Let l(j) be the first derivative of -23*j**4/4 + j**3/3 - j - 19. Determine l(1).
-23
Let y(i) = -i + 7. Let d = 22 - 20. Suppose 0*f = 2*f - 10. Let z(g) = 3*g - 14. Let x(p) = d*z(p) + f*y(p). Give x(-6).
1
Suppose -8*l + 6*l = -2*k - 8, 5*l = -k - 4. Let b(g) be the third derivative of 1/60*g**5 + 1/4*g**4 + 0*g + l + 7/6*g**3 - 7*g**2. Determine b(-6).
7
Suppose -9*d = -116 - 118. Let v(y) = 6 + 53*y - 26*y - d*y. Calculate v(-6).
0
Let w(x) = -2*x + 336 + x - 339. Calculate w(-5).
2
Let r(f) = 2*f**2 + 2*f - 4. Suppose 13*w - 15 = 18*w. Calculate r(w).
8
Let y(x) = x**3 + 8*x**2 - 10*x + 6. Let m(i) = -8*i + 47. Let d be m(7). What is y(d)?
15
Let p = -733 - -739. Let o(a) = 5*a. Determine o(p).
30
Let u(m) = m**2 + 3*m + 1. Let q(x) = -x**3 + 5*x**2 - x + 38. Let p be q(6). Determine u(p).
5
Let x(j) be the second derivative of j**6/360 + j**5/40 + 7*j**4/6 - 8*j. Let c(t) be the third derivative of x(t). Let u = -8 + 4. Calculate c(u).
-5
Let y = 14 - 6. Suppose 3*t = 0, -2*w - 2*w + y = -3*t. Let m(v) = -173 + 11*v**2 - 10*v**2 + 57 + 55 + 59. Give m(w).
2
Let h(s) = s - 11. Let w be h(14). Suppose 0 = -4*a + 2*v + 36, 5*a - 3*v - 15 - 30 = 0. Let p(x) = 4 + 4*x - 2*x**2 - x - a + 6. Calculate p(w).
-8
Let s(k) be the third derivative of 0*k + 0 - 6*k**2 + 1/12*k**4 - 1/360*k**6 + 2/3*k**3 + 1/24*k**5. Let l(c) be the first derivative of s(c). What is l(4)?
6
Suppose -5*d = -11 - 24. Let o(v) = -2*v - 2. Give o(d).
-16
Let h = 224 - 223. Let k(i) = i + 0 + 0. Let x(d) = -5*d + 1. Let b(m) = -4*k(m) - x(m). Determine b(h).
0
Let o(t) = t**2 - 9*t - 10. Let g = -731 + 740. What is o(g)?
-10
Let t(i) = 7 - 4 - i - 2 - 1 - 2 + i**3 + 11*i**2. Give t(-11).
9
Let r(h) = -4*h - 18. Let q be r(-7). Let n(b) = -b**2 + 10*b - 9. What is n(q)?
-9
Let z = 5707/21 + -1900/7. Let d(m) be the third derivative of -1/60*m**5 - z*m**3 + 0 + 0*m - 5/24*m**4 - 8*m**2. Calculate d(-5).
-2
Let t be (1*-3)/(5/(-10)). Let l(q) = t*q**2 - 4*q**2 + 8*q + 7*q**2 + 3. Let v(r) = -5*r**2 - 4*r - 2. Let w(c) = 3*l(c) + 5*v(c). What is w(-3)?
5
Let m be (122/2)/(-14 + 15). Let v = -58 + m. Let s(h) = -3*h + 4. Determine s(v).
-5
Let a(x) = 13*x**3 - 49*x**2 + 22*x - 27. Let m(o) = -3*o**3 + 12*o**2 - 6*o + 7. Let n(v) = 2*a(v) + 9*m(v). Give n(9).
0
Let l(k) = -6*k**3 + k**2 + k - 1. Suppose f = -s - 2, 3*s + 25 - 20 = -4*f. Determine l(f).
-5
Let m(z) = -6 - z + 3*z + z - 5 + 3. Give m(6).
10
Suppose -2*n = -4*f - 0*n, 2*f + 12 = 4*n. Suppose 6 = -4*v + 22. Let w(c) = 8*c + v*c**3 - 3*c**3 - 5*c - 2 - 3*c**2. Give w(f).
0
Let p(j) = 7*j**2 - 2*j - 2 - 3*j**2 - 2*j**2 + j**3. Let h = 14 + -14. Suppose 8*a - 4*a + 12 = h. What is p(a)?
-5
Suppose -5*l - 9 = -2*l. Let c(j) = 2*j - 6. Calculate c(l).
-12
Let v(p) = -4*p**2 - 3*p - 1. Let x be v(-2). Let r = -8 - x. Let l(h) be the third derivative of h**5/60 - h**4/6 + h**3/6 - 3*h**2. What is l(r)?
-2
Let v(c) = c**2 + 9*c - 4. Let j(a) = -a**2 - 8*a + 1. Let i(k) = 3*j(k) + 2*v(k). Calculate i(-5).
0
Let f(k) = 4*k**2 + 35*k**3 - 4 + 2*k**2 - 36*k**3 + k. Let q be (-1 + (-14)/(-10))*-5. Let g be (18/q)/(18/(-12)). Calculate f(g).
2
Let l(b) be the second derivative of b**7/2520 - b**6/720 - b**5/24 + 19*b**4/12 - 26*b. Let w(n) be the third derivative of l(n). Calculate w(0).
-5
Let i(u) = 6*u - 142. Let x(j) = -2*j + 33. Let p(s) = -2*i(s) - 9*x(s). Determine p(3).
5
Suppose -4*a + 3 = -9. Suppose -m = -c + 4*c - a, 3*m = 4*c - 30. Let k(j) be the second derivative of j**4/12 + 5*j**3/6 - j**2/2 - j. Give k(m).
5
Let y(t) = t - 1. Let f = 6 - 3. Suppose 15 = 6*o - f. Suppose -o*b = 0, b = -2*k - b + 12. What is y(k)?
5
Let u be (-7 + 3 - -2)*4. Let h be u/(-36) - (-16)/9. Let f(z) = z + h*z - z. Give f(-3).
-6
Let l(w) = w**2 + 8*w - 4. Let q(k) = 0*k + 3*k**3 + 1 - 2*k - 2 - k**2 + 5*k**3. Let x be q(-1). Let i be l(x). Let f(t) = -3*t. Determine f(i).
12
Let y = -54 - -54. Let j(a) = 7*a + 7. Let v(w) = 8*w + 7. Let u(h) = -5*j(h) + 4*v(h). Let c(k) = -13*k - 28. Let n(r) = -2*c(r) + 9*u(r). What is n(y)?
-7
Let f(x) = -x**2 - 8*x - 8. Suppose 2*j - 16 = 2*l, -2*l - 4 = -l. Suppose -3*b = -2*h + 12, -j*b + 3*h - 21 = 2*h. Determine f(b).
4
Suppose 5*b + 0*k + 25 = -5*k, 12 = 4*b - 4*k. Let h(f) = 2*f**2 - 1. Determine h(b).
1
Let p(x) be the first derivative of -x**4/6 - x**3 + 6*x**2 + 4. Let t(f) be the second derivative of p(f). Give t(-5).
14
Let y = 172 - 176. Let i(z) = -z**2 + z - 1. Let t(p) = -2*p**2 + 8*p - 3. Let q(b) = -3*i(b) + t(b). Give q(y).
-4
Suppose -4*l + 6*l = 28. Suppose 5*i + l = 4. Let o(m) = 5*m + 1. Let g(x) = 14*x + 3. Let k(s) = 3*g(s) - 8*o(s). Determine k(i).
-3
Let p be (2/3)/((-4)/(-6)). Let q be (3 - 2/2) + p. Let c(x) = -10 - q*x**2 + 5 - 2*x + 7. Give c(-2).
-6
Let q(w) = -7 - 7*w + 15 - w**2 + 10*w + 3 - 5*w. Determine q(-5).
-4
Let k(t) = -3*t - 23. Let c(b) = -16*b - 127. Let l(h) = 2*c(h) - 11*k(h). What is l(2)?
1
Let h(p) = p + 2. Suppose -30 = -6*w + 138. Suppose 12*c = -8 - w. What is h(c)?
-1
Suppose 0 = -3*g + 2*g + 3, -2*a = -3*g - 11. Let i(h) = -1 + a*h - 4 + 4. Suppose 0 = 3*x + o - 2, x - o = 3*x - 3. What is i(x)?
-11
Let i be 10/(-40) - 42/(-8). S